0, what is 61982 - 0?
61982
In base 7, what is -6645 - 4?
-6652
In base 3, what is -101 - -1001010?
1000202
In base 2, what is 10 + 1100011111101111?
1100011111110001
In base 13, what is -969 - 537?
-11a3
In base 3, what is 20 + 1002222220?
1010000010
In base 11, what is -4 + 2236?
2232
In base 4, what is -332 - 12033?
-13031
In base 15, what is 1969b - 0?
1969b
In base 6, what is 5 + 345010?
345015
In base 3, what is -110 + -2022201221?
-2022202101
In base 3, what is -12201220212 + 2?
-12201220210
In base 6, what is -13010 - -1?
-13005
In base 3, what is 2 + -11001021210?
-11001021201
In base 9, what is 142 + 1647?
1800
In base 6, what is -3 + -422323?
-422330
In base 3, what is -110102 + -12221122?
-20102001
In base 14, what is -1 - b27b?
-b27c
In base 5, what is 43 + -2444412?
-2444314
In base 4, what is -311 + 1022333?
1022022
In base 5, what is -1224 + 1023?
-201
In base 13, what is 8 + 4826?
4831
In base 4, what is -3033 - -12323?
3230
In base 14, what is 8 - 706c?
-7064
In base 4, what is 1 - 233003320?
-233003313
In base 10, what is -19435 - -5?
-19430
In base 14, what is -10 - -18a85?
18a75
In base 14, what is 5 - 174?
-16d
In base 14, what is -3b2 - 147?
-519
In base 9, what is 42 - -3083?
3135
In base 11, what is -1 - -1a8278?
1a8277
In base 8, what is 146 - -30245?
30413
In base 11, what is 2 - -12842?
12844
In base 7, what is -5135 - 14?
-5152
In base 13, what is -c166a - -b?
-c165c
In base 2, what is 1010011101111100 + 0?
1010011101111100
In base 15, what is 4 - -1d4e7a?
1d4e7e
In base 10, what is -8 + 1462?
1454
In base 5, what is -4 + 101012?
101003
In base 16, what is 1d2 - -35?
207
In base 15, what is 0 + -274b9?
-274b9
In base 4, what is 3030313 + -10230?
3020023
In base 13, what is 5 + -33981?
-33979
In base 15, what is 8c9a - 4?
8c96
In base 4, what is -2201221 + -3?
-2201230
In base 10, what is 1 + -168106?
-168105
In base 10, what is 5124 - -1?
5125
In base 6, what is -1 - -5220522?
5220521
In base 12, what is 4 + -18606?
-18602
In base 14, what is -4 - 1aaac2?
-1aaac6
In base 7, what is 43260 + -2?
43255
In base 15, what is 15 + -488?
-473
In base 16, what is -c - 16579?
-16585
In base 7, what is 53 + -104110?
-104024
In base 12, what is -1535 - 3?
-1538
In base 7, what is 60465 - -221?
61016
In base 12, what is -1623 + -1?
-1624
In base 4, what is -110130002 + 202?
-110123200
In base 10, what is 15 - 1507?
-1492
In base 8, what is -313 - 10133?
-10446
In base 7, what is 6303 + 0?
6303
In base 6, what is 4 - 532410?
-532402
In base 11, what is 14409 + 2?
14410
In base 10, what is -1 + 3068?
3067
In base 13, what is -234773 - 1?
-234774
In base 14, what is 5c0 - 8?
5b6
In base 6, what is -14 - -4351323?
4351305
In base 6, what is 10 + 120200?
120210
In base 16, what is 235 + -7d1?
-59c
In base 9, what is -21823 + 1?
-21822
In base 8, what is 7322 + 27?
7351
In base 4, what is -11323323 + 23?
-11323300
In base 4, what is 1332 + 20213?
22211
In base 10, what is 2039 - -17?
2056
In base 4, what is -222 + 1233030?
1232202
In base 7, what is -123 + 1654?
1531
In base 11, what is 1 - 21588?
-21587
In base 9, what is -342 + 162?
-170
In base 4, what is -3120001 + -2?
-3120003
In base 7, what is -35042 - 11?
-35053
In base 11, what is 23a1 - -124?
2515
In base 13, what is -709874 + 2?
-709872
In base 15, what is 4 + -16b?
-167
In base 3, what is 11 + -1011001022101?
-1011001022020
In base 15, what is 1 + -c16?
-c15
In base 9, what is 5672363 + -1?
5672362
In base 15, what is -9 - -381?
377
In base 15, what is 51628 + -5?
51623
In base 2, what is 0 + 1000001100111000?
1000001100111000
In base 13, what is 1aba - 121?
1999
In base 5, what is 2243431 + 1?
2243432
In base 2, what is -11010 - -11010100101001?
11010100001111
In base 6, what is -3151040 - 22?
-3151102
In base 11, what is a702 - 0?
a702
In base 5, what is -1 - 32442200?
-32442201
In base 8, what is 1012325 + 3?
1012330
In base 15, what is -55526 - -4?
-55522
In base 11, what is -12627 - 6?
-12632
In base 13, what is 551a - b?
550c
In base 4, what is 20132012 + -10?
20132002
In base 11, what is -75055 + -13?
-75068
In base 10, what is -1 - 116282?
-116283
In base 14, what is 1621a - -1c?
16238
In base 6, what is 43110 + -13?
43053
In base 6, what is 24151311 + 5?
24151320
In base 15, what is 2 + 142baa?
142bac
In base 4, what is 11 - 12313133?
-12313122
In base 15, what is -840a11 + 2?
-840a0e
In base 5, what is 120322 + 441?
121313
In base 3, what is -1111 + 10202221?
10201110
In base 3, what is -110202 + 22011?
-11121
In base 12, what is -9a291 + 1?
-9a290
In base 6, what is -124 + 12525?
12401
In base 11, what is 1 - 8242?
-8241
In base 5, what is -1 + -2001041?
-2001042
In base 6, what is 2 - -1245?
1251
In base 6, what is 2444340 - 4?
2444332
In base 13, what is -182c + 1b2?
-164a
In base 10, what is 29291 + -55?
29236
In base 5, what is 10 - -44203302?
44203312
In base 10, what is -9 + -702?
-711
In base 12, what is -3 + -4665?
-4668
In base 2, what is -11010001101 + 11101011010?
11001101
In base 8, what is 205036 - -13?
205051
In base 16, what is -a + -747e?
-7488
In base 8, what is 75 - 42?
33
In base 13, what is 4a53 - -13a?
4b90
In base 9, what is 45 - -2580?
2635
In base 13, what is 0 - 104c?
-104c
In base 8, what is -1 - -74625?
74624
In base 3, what is 222121110 + -11?
222121022
In base 16, what is f5d + 5b?
fb8
In base 8, what is -2316 + -45?
-2363
In base 13, what is 146b2 + -4?
146ab
In base 6, what is -4250 - -12305?
4015
In base 6, what is 101124 - -354?
101522
In base 14, what is 385 - 150?
235
In base 13, what is c0 - -121?
211
In base 9, what is 17 - -84083?
84111
In base 6, what is 2 - -12440?
12442
In base 9, what is -17 - -235732?
235714
In base 14, what is -b5c - 5?
-b63
In base 5, what is 0 - -1214343?
1214343
In base 5, what is -44332331 + 3?
-44332323
In base 12, what is 13aa + -5?
13a5
In base 9, what is 14660 - 364?
14285
In base 12, what is -117 - -4b09?
49b2
In base 11, what is -1927 + 86?
-1851
In base 8, what is 5544 + 70?
5634
In base 2, what is 1100011000 + 100110000?
10001001000
In base 3, what is 1211202 + 12021201?
21010110
In base 15, what is 13c7 - 98?
132e
In base 8, what is -521 - 5?
-526
In base 4, what is 1 - 11022322?
-11022321
In base 3, what is 122 + -210222202?
-210222010
In base 9, what is -4337 + -11?
-4348
In base 6, what is 1 + 1515334?
1515335
In base 11, what is 7 + 4829?
4835
In base 11, what is -18 + 28475?
28458
In base 8, what is -604144 + -4?
-604150
In base 15, what is 3 + -4e307?
-4e304
In base 5, what is 3024 + 243?
3322
In base 15, what is 5 + -16d5e?
-16d59
In base 4, what is -323 + -3031231?
-3032220
In base 16, what is 4f + 5ab?
5fa
In base 14, what is -c0adc5 + -3?
-c0adc8
In base 8, what is 66 + 1472?
1560
In base 14, what is -22d - 29?
-258
In base 5, what is -34323 - 3243?
-43121
In base 11, what is 2a + -72?
-43
In base 15, what is 0 - 124d?
-124d
In base 10, what is -10068 - -78?
-9990
In base 16, what is -33f + 29?
-316
In base 11, what is -6518 + 301?
-6217
In base 11, what is -150 + 507?
367
In base 7, what is -20421522 + -1?
-20421523
In base 9, what is 87852 + 5?
87857
In base 2, what is 10000011010 + 10001010?
10010100100
In base 16, what is 1689 + -46?
1643
In base 3, what is 211200 - 20?
211110
In base 5, what is 333232 - -110?
333342
In base 12, what is -13 - -7293b?
72928
In base 2, what is 11101110101 - -111000000?
100100110101
In base 11, what is 18 - -4016?
4033
In base 11, what is 72004 + -59?
71a56
In base 12, what is -3 - b1b8?
-b1bb
In base 3, what is -10012011102 - 20?
-10012011122
In base 12, what is -2 + 25205?
25203
In base 16, what is 5d - 2854?
-27f7
In base 2, what is 101101 + -1101011000000100?
-1101010111010111
In base 6, what is -33 - -10010?
5533
In base 13, what is -c - -7c6?
7b7
In base 5, what is 4 + -11304314?
-11304310
In base 5, what is -120110 + 23?
-120032
In base 13, what is 516c + 5?
5174
In base 6, what is -1330 - -213?
-1113
In base 5, what is -333 + 103324?
102441
In base 6, what is -1500 + 343?
-1113
In base 11, what is -98 - -3016?
2a29
In base 2, what is 101110101100 - 1100001?
101101001011
In base 2, what is -110001001001001101 - 100?
-110001001001010001
In base 16, what is 2 + -caba?
-cab8
In base 12, what is -170083 - -3?
-170080
In base 15, what is